89 composite?
False
Is 1852111 a prime number?
True
Is 17304223 a composite number?
False
Is 53631271 a prime number?
False
Is 824203 a prime number?
False
Is 97662023 a composite number?
False
Is 1063282177 a composite number?
False
Is 3702367 prime?
False
Is 563591 composite?
True
Is 7427561 prime?
True
Is 2451907 composite?
False
Is 66952349 a prime number?
True
Is 61281163 a prime number?
True
Is 3993205 composite?
True
Is 446287 a composite number?
True
Is 1361219 a composite number?
True
Is 29980543 composite?
False
Is 30203671 composite?
False
Is 34959697 a composite number?
True
Is 4206091 a composite number?
False
Is 6687839 a composite number?
True
Is 33340105 a composite number?
True
Is 78089545 composite?
True
Is 14270521 composite?
False
Is 29708677 a composite number?
False
Is 465739 prime?
True
Is 27706307 a prime number?
True
Is 11162509 a prime number?
False
Is 600443 composite?
True
Is 1322709 a composite number?
True
Is 1765507 prime?
True
Is 72686 prime?
False
Is 4667813 composite?
False
Is 1079711 a composite number?
False
Is 32892109 a prime number?
False
Is 128577349 a prime number?
False
Is 1968521 a prime number?
True
Is 559914569 a prime number?
False
Is 1417573 prime?
True
Is 4501117 composite?
True
Is 19187437 a composite number?
False
Is 11013221 a composite number?
True
Is 963461 prime?
True
Is 1477 a composite number?
True
Is 16805707 a composite number?
True
Is 75672061 a composite number?
True
Is 13160339 composite?
False
Is 165363851 a composite number?
False
Is 35365481 prime?
False
Is 38934527 a prime number?
True
Is 2373691 composite?
False
Is 1692283 a composite number?
False
Is 1030291 prime?
True
Is 1141801 a composite number?
False
Is 4568687 prime?
False
Is 360121 composite?
True
Is 6898483 prime?
True
Is 53094179 prime?
False
Is 71171029 prime?
True
Is 1238423 composite?
False
Is 186437 composite?
False
Is 55279339 prime?
True
Is 42897839 prime?
False
Is 5806217 a composite number?
False
Is 183050782 prime?
False
Is 260155477 a prime number?
True
Is 146081549 a prime number?
True
Is 2864713 a prime number?
True
Is 4038131 a prime number?
False
Is 157757937 composite?
True
Is 10075439 a composite number?
True
Is 351997483 composite?
False
Is 59231521 composite?
False
Is 61186951 a prime number?
False
Is 104650311 a prime number?
False
Is 982643 a composite number?
False
Is 209617901 prime?
True
Is 383533 composite?
False
Is 3482851 a composite number?
False
Is 11993403 composite?
True
Is 283801543 a prime number?
True
Is 1925087 prime?
True
Is 1821907 a prime number?
False
Is 17285893 a composite number?
False
Is 5575387 a composite number?
False
Is 79875511 a composite number?
False
Is 264261091 prime?
True
Is 17804503 composite?
False
Is 15302681 prime?
True
Is 55778231 composite?
False
Is 2201123 a composite number?
True
Is 35169419 a composite number?
False
Is 18283207 composite?
True
Is 66857137 composite?
False
Is 157027057 prime?
False
Is 18551459 a composite number?
False
Is 63069771 a composite number?
True
Is 10706987 a prime number?
False
Is 18224149 a prime number?
True
Is 626341 composite?
False
Is 128894501 composite?
False
Is 727713967 a prime number?
True
Is 22022389 prime?
True
Is 275611127 a composite number?
True
Is 314286101 a composite number?
False
Is 1864331 prime?
False
Is 69008669 composite?
True
Is 42526609 composite?
True
Is 152203119 a composite number?
True
Is 6442199 a prime number?
False
Is 1990867 prime?
True
Is 2910487 a composite number?
False
Is 131421947 a composite number?
False
Is 128737619 a composite number?
True
Is 2374261 a composite number?
False
Is 12967601 composite?
False
Is 16435103 a composite number?
False
Is 15680723 composite?
True
Is 261403 composite?
True
Is 3862 prime?
False
Is 395873 composite?
False
Is 114619213 composite?
False
Is 1429173541 a composite number?
False
Is 285720517 a prime number?
True
Is 3758691 composite?
True
Is 2956019 a composite number?
True
Is 100244099 prime?
True
Is 31804999 a composite number?
False
Is 376183 prime?
True
Is 2012597 prime?
True
Is 914918 composite?
True
Is 3551511 prime?
False
Is 10006151 a prime number?
True
Is 7043017 composite?
False
Is 7432223 prime?
False
Is 372971 a composite number?
False
Is 80788849 composite?
False
Is 78906557 composite?
False
Is 7610563 a composite number?
False
Is 20778431 a composite number?
True
Is 142961941 a prime number?
True
Is 159597091 a composite number?
True
Is 210437 a composite number?
False
Is 47684627 a composite number?
False
Is 26834849 prime?
True
Is 59361917 a prime number?
True
Is 280886 a composite number?
True
Is 81875951 prime?
True
Is 2998063 a prime number?
True
Is 8372369 a composite number?
True
Is 16998607 a prime number?
False
Is 1290999 a prime number?
False
Is 9316239 composite?
True
Is 237341371 a prime number?
True
Is 5278841 composite?
True
Is 69561151 composite?
True
Is 4261837 a composite number?
False
Is 40559299 a composite number?
True
Is 1598327 a composite number?
False
Is 762697874 a prime number?
False
Is 32074993 prime?
False
Is 4125817 composite?
True
Is 5625922 composite?
True
Is 18907921 prime?
False
Is 44184187 composite?
False
Is 6126391 a composite number?
False
Is 131597 a composite number?
True
Is 11821787 a composite number?
False
Is 3137003 prime?
True
Is 113761771 a composite number?
True
Is 584205379 a composite number?
True
Is 179055049 composite?
False
Is 13519781 prime?
False
Is 22890394 a prime number?
False
Is 91379681 composite?
True
Is 6567247 composite?
True
Is 1118105 a composite number?
True
Is 20201251 prime?
False
Is 28204829 prime?
True
Is 60962749 composite?
False
Is 1645529 composite?
False
Is 12472799 a prime number?
True
Is 3035677 composite?
False
Is 8469079 composite?
True
Is 30269371 composite?
True
Is 5533847 prime?
False
Is 1008241 prime?
False
Is 3809369 prime?
True
Is 30648283 a composite number?
True
Is 48901583 composite?
False
Is 5081579 composite?
False
Is 24419069 a prime number?
False
Is 17510215 composite?
True
Is 1538941 a composite number?
True
Is 10885901 composite?
True
Is 1046519 composite?
False
Is 6171509 composite?
False
Is 3649729 a composite number?
True
Is 53276467 a prime number?
False
Is 278653 prime?
False
Is 4179893 a prime number?
True
Is 498331 a prime number?
True
Is 20496701 a composite number?
False
Is 11666983 a composite number?
False
Is 5741261 a composite number?
False
Is 44483 prime?
True
Is 2201359 a composite number?
True
Is 300834823 a prime number?
False
Is 363641561 a composite number?
False
Is 108873049 prime?
False
Is 3500571 composite?
True
Is 824527133 a prime number?
True
Is 252974483 prime?
True
Is 7229333 a composite number?
False
Is 63474233 a prime number?
False
Is 1803047 a prime number?
False
Is 45038109 prime?
False
Is 127475167 a composite number?
False
Is 87801803 a composite number?
False
Is 30284321 composite?
False
Is 148525019 a composite number?
False
Is 18143237 a composite number?
True
Is 4370129 a composite number?
False
Is 47335703 a composite number?
False
Is 64686917 a composite number?
False
Is 2708479 composite?
True
Is 3317329 prime?
False
Is 4395829 a composite number?
True
Is 12489047 composite?
False
Is 4187203 prime?
False
Is 18860173 a prime number?
False
Is 77687065 a composite number?
True
Is 106365253 a prime number?
False
Is 1009322 a prime number?
False
Is 30650861 composite?
False
Is 601430209 a prime number?
True
Is 9030397 a prime number?
False
Is 319036721 prime?
True
Is 5166723 prime?
False
Is 171247033 a composite number?
False
Is 148233593 a prime number?
True
Is 12356033 a composite number?
False
Is 383261 composite?
False
Is 29442803 prime?
False
Is 2047849 a composite number?
True
Is 2052917 a prime number?
True
Is 880151 a prime number?
True
Is 9998663 composite?
True
Is 43004789 a prime number?
False
Is 11629031 composite?
True
Is 11741909 a composite number?
True
Is 106382293 composite?
False
Is 20312141 a prime number?
False
Is 19143727 prime?
False
Is 450677 composite?
False
Is 570719 a prime number?
True
Is 88603 composite?
True
Is 83329951 composite?
True
Is 1185179 a composite number?
False
Is 7357765 composite?
True
Is 27608803 prime?
True
Is 14065411 prime?
False
Is 75493933 prime?
True
Is 20882087 a co